{"id":316,"date":"2025-02-18T21:30:55","date_gmt":"2025-02-18T21:30:55","guid":{"rendered":"https:\/\/evangelischejugenderfurt.de\/?page_id=316"},"modified":"2026-03-22T00:13:40","modified_gmt":"2026-03-22T00:13:40","slug":"baumhaus-camp","status":"publish","type":"page","link":"https:\/\/evangelischejugenderfurt.de\/?page_id=316","title":{"rendered":"Baumhauscamp"},"content":{"rendered":"\n<blockquote class=\"wp-block-quote is-layout-flow wp-block-quote-is-layout-flow\">\n<div class=\"wp-block-group is-layout-grid wp-container-core-group-is-layout-9649a0d9 wp-block-group-is-layout-grid\">\n<p><em>Warum gehst du in den Wald&#8220;, fragt der Vater. <\/em><\/p>\n\n\n\n<p><em>&#8222;Um Gott zu suchen&#8220;, antwortet der Knabe. <\/em><\/p>\n\n\n\n<p><em>&#8222;Aber &#8211; ist Gott denn nicht \u00fcberall?&#8220; <\/em><\/p>\n\n\n\n<p><em>&#8222;Er schon&#8220;, sagte das Kind, &#8222;aber ich bin nicht \u00fcberall derselbe&#8220;. <\/em><\/p>\n\n\n\n<p><em>(Elie Wiesel)<\/em><\/p>\n\n\n\n<p><\/p>\n<\/div>\n<\/blockquote>\n\n\n\n<div class=\"wp-block-media-text is-stacked-on-mobile\" style=\"grid-template-columns:56% auto\"><figure class=\"wp-block-media-text__media\"><img loading=\"lazy\" decoding=\"async\" width=\"1000\" height=\"667\" src=\"https:\/\/evangelischejugenderfurt.de\/wp-content\/uploads\/2025\/02\/2019-13.jpg\" alt=\"\" class=\"wp-image-330 size-full\" srcset=\"https:\/\/evangelischejugenderfurt.de\/wp-content\/uploads\/2025\/02\/2019-13.jpg 1000w, https:\/\/evangelischejugenderfurt.de\/wp-content\/uploads\/2025\/02\/2019-13-300x200.jpg 300w, https:\/\/evangelischejugenderfurt.de\/wp-content\/uploads\/2025\/02\/2019-13-768x512.jpg 768w\" sizes=\"auto, (max-width: 1000px) 100vw, 1000px\" \/><\/figure><div class=\"wp-block-media-text__content\">\n<p class=\"has-text-align-center has-large-font-size\"><a href=\"https:\/\/photos.app.goo.gl\/Ya7HfPgLNyeSCrS89\" data-type=\"page\" data-id=\"316\">Zur Galerie<\/a><\/p>\n<\/div><\/div>\n\n\n\n<p><br><em><sup><strong>BAUMHAUSCAMP &#8211; WAS IST DAS?<\/strong> =&gt; <a href=\"https:\/\/www.cvjm.de\/website\/de\/cv\/themen-bereiche\/baumhauscamp\">https:\/\/www.cvjm.de\/website\/de\/cv\/themen-bereiche\/baumhauscamp<\/a><br><strong>BHC-Erfurt-Einblick<\/strong> =&gt; yt-Video (Trailer von 2020): <a href=\"https:\/\/www.youtube.com\/watch?v=zr9pCJvtr7k\">https:\/\/www.youtube.com\/watch?v=zr9pCJvtr7k<\/a><\/sup><\/em><\/p>\n\n\n\n<p><br><br><br><strong><mark style=\"background-color:rgba(0, 0, 0, 0)\" class=\"has-inline-color has-luminous-vivid-orange-color\">N\u00e4chste Veranstaltungen #BAUMHAUSCAMP:<\/mark><\/strong><br><\/p>\n\n\n\n<p><strong>Baumhauscamp 2026<\/strong><\/p>\n\n\n\n<figure class=\"wp-block-image size-large is-resized is-style-default\"><img loading=\"lazy\" decoding=\"async\" width=\"724\" height=\"1024\" src=\"https:\/\/evangelischejugenderfurt.de\/wp-content\/uploads\/2025\/11\/Baumhauscamp-Erfurt4-724x1024.jpg\" alt=\"\" class=\"wp-image-503\" style=\"width:461px;height:auto\" srcset=\"https:\/\/evangelischejugenderfurt.de\/wp-content\/uploads\/2025\/11\/Baumhauscamp-Erfurt4-724x1024.jpg 724w, https:\/\/evangelischejugenderfurt.de\/wp-content\/uploads\/2025\/11\/Baumhauscamp-Erfurt4-212x300.jpg 212w, https:\/\/evangelischejugenderfurt.de\/wp-content\/uploads\/2025\/11\/Baumhauscamp-Erfurt4-768x1086.jpg 768w, https:\/\/evangelischejugenderfurt.de\/wp-content\/uploads\/2025\/11\/Baumhauscamp-Erfurt4-1086x1536.jpg 1086w, https:\/\/evangelischejugenderfurt.de\/wp-content\/uploads\/2025\/11\/Baumhauscamp-Erfurt4.jpg 1414w\" sizes=\"auto, (max-width: 724px) 100vw, 724px\" \/><\/figure>\n\n\n\n<p><strong>Kontakt<\/strong> <strong>und <\/strong><strong>Anmeldung:<\/strong><br>Jonathan Lerche <br><em>Jugendreferent, Sozial- und Erlebnisp\u00e4dagoge (beQ)<\/em><br>jonathan.lerche@evangelischejugenderfurt.de <br>0176 55177562<\/p>\n\n\n\n<p><em>&#8222;Richtwert&#8220; (bei Kosten) = wer finanziell mehr zur Verf\u00fcgung hat gibt mehr, wer weniger hat gibt weniger<\/em><\/p>\n\n\n\n<p><strong>Anmeldebogen: <\/strong><a href=\"https:\/\/evangelischejugenderfurt.de\/wp-content\/uploads\/2025\/12\/Verbindliche-Anmeldung-zum-Baumhauscamp-2026.pdf\">https:\/\/evangelischejugenderfurt.de\/wp-content\/uploads\/2025\/12\/Verbindliche-Anmeldung-zum-Baumhauscamp-2026.pdf<\/a><\/p>\n\n\n\n\n\n<div style=\"height:100px\" aria-hidden=\"true\" class=\"wp-block-spacer\"><\/div>\n\n\n\n<p><strong>Baumhauscamp 2027<\/strong><\/p>\n\n\n\n<figure class=\"wp-block-image size-large\"><img loading=\"lazy\" decoding=\"async\" width=\"1024\" height=\"410\" src=\"https:\/\/evangelischejugenderfurt.de\/wp-content\/uploads\/2026\/03\/grafik-1024x410.png\" alt=\"\" class=\"wp-image-558\" srcset=\"https:\/\/evangelischejugenderfurt.de\/wp-content\/uploads\/2026\/03\/grafik-1024x410.png 1024w, https:\/\/evangelischejugenderfurt.de\/wp-content\/uploads\/2026\/03\/grafik-300x120.png 300w, https:\/\/evangelischejugenderfurt.de\/wp-content\/uploads\/2026\/03\/grafik-768x307.png 768w, https:\/\/evangelischejugenderfurt.de\/wp-content\/uploads\/2026\/03\/grafik.png 1200w\" sizes=\"auto, (max-width: 1024px) 100vw, 1024px\" \/><\/figure>\n\n\n\n<p>Als BHC-Team Erfurt wollen wir uns auf den Weg nach Friedensau (bei Magdeburg) machen und beim <strong>EKM-Baumhauscamp<\/strong> mitmachen. Bist du dabei? (-;<\/p>\n\n\n\n<p>Zeit:<strong> 06.08.-15.08.2027<\/strong><\/p>\n\n\n\n<p>Weitere Infos unter: <a href=\"https:\/\/www.evangelischejugend.de\/serviceseite-fuer-mitarbeitende\/unsere-projekte-und-aktionen\/ekm-baumhauscamp.html\">https:\/\/www.evangelischejugend.de\/serviceseite-fuer-mitarbeitende\/unsere-projekte-und-aktionen\/ekm-baumhauscamp.html<\/a><\/p>\n\n\n\n<div style=\"height:100px\" aria-hidden=\"true\" class=\"wp-block-spacer\"><\/div>\n\n\n\n<p><\/p>\n\n\n\n<p><a href=\"https:\/\/www.instagram.com\/baumhauscamp_erfurt\/\" data-type=\"link\" data-id=\"https:\/\/www.instagram.com\/baumhauscamp_erfurt\/\"><strong>insta<\/strong>: baumhauscamp_erfurt<\/a><\/p>\n\n\n\n<p><\/p>\n\n\n\n<p><\/p>\n\n\n\n<div class=\"wp-block-group\"><div class=\"wp-block-group__inner-container is-layout-constrained wp-block-group-is-layout-constrained\">\n<h2 class=\"wp-block-heading\"><br><br>Galerie<\/h2>\n\n\n\n<details class=\"wp-block-details is-layout-flow wp-block-details-is-layout-flow\"><summary>weitere Bilder:<br><a href=\"https:\/\/photos.app.goo.gl\/Ya7HfPgLNyeSCrS89\">https:\/\/photos.app.goo.gl\/Ya7HfPgLNyeSCrS89<\/a><\/summary>\n<p><\/p>\n<\/details>\n<\/div><\/div>\n\n\n\n<figure class=\"wp-block-gallery has-nested-images columns-default is-cropped wp-block-gallery-1 is-layout-flex wp-block-gallery-is-layout-flex\">\n<figure class=\"wp-block-image size-large\"><img loading=\"lazy\" decoding=\"async\" width=\"1000\" height=\"667\" data-id=\"331\" src=\"https:\/\/evangelischejugenderfurt.de\/wp-content\/uploads\/2025\/02\/2019-3.jpg\" alt=\"\" class=\"wp-image-331\" srcset=\"https:\/\/evangelischejugenderfurt.de\/wp-content\/uploads\/2025\/02\/2019-3.jpg 1000w, https:\/\/evangelischejugenderfurt.de\/wp-content\/uploads\/2025\/02\/2019-3-300x200.jpg 300w, https:\/\/evangelischejugenderfurt.de\/wp-content\/uploads\/2025\/02\/2019-3-768x512.jpg 768w\" sizes=\"auto, (max-width: 1000px) 100vw, 1000px\" \/><\/figure>\n\n\n\n<figure class=\"wp-block-image size-large\"><img loading=\"lazy\" decoding=\"async\" width=\"1000\" height=\"667\" data-id=\"327\" src=\"https:\/\/evangelischejugenderfurt.de\/wp-content\/uploads\/2025\/02\/2019-6.jpg\" alt=\"\" class=\"wp-image-327\" srcset=\"https:\/\/evangelischejugenderfurt.de\/wp-content\/uploads\/2025\/02\/2019-6.jpg 1000w, https:\/\/evangelischejugenderfurt.de\/wp-content\/uploads\/2025\/02\/2019-6-300x200.jpg 300w, https:\/\/evangelischejugenderfurt.de\/wp-content\/uploads\/2025\/02\/2019-6-768x512.jpg 768w\" sizes=\"auto, (max-width: 1000px) 100vw, 1000px\" \/><\/figure>\n\n\n\n<figure class=\"wp-block-image size-large\"><img loading=\"lazy\" decoding=\"async\" width=\"1024\" height=\"683\" data-id=\"333\" src=\"https:\/\/evangelischejugenderfurt.de\/wp-content\/uploads\/2025\/02\/2019-8-1024x683.jpg\" alt=\"\" class=\"wp-image-333\" srcset=\"https:\/\/evangelischejugenderfurt.de\/wp-content\/uploads\/2025\/02\/2019-8-1024x683.jpg 1024w, https:\/\/evangelischejugenderfurt.de\/wp-content\/uploads\/2025\/02\/2019-8-300x200.jpg 300w, https:\/\/evangelischejugenderfurt.de\/wp-content\/uploads\/2025\/02\/2019-8-768x512.jpg 768w, https:\/\/evangelischejugenderfurt.de\/wp-content\/uploads\/2025\/02\/2019-8.jpg 1500w\" sizes=\"auto, (max-width: 1024px) 100vw, 1024px\" \/><\/figure>\n\n\n\n<figure class=\"wp-block-image size-large\"><img loading=\"lazy\" decoding=\"async\" width=\"683\" height=\"1024\" data-id=\"336\" src=\"https:\/\/evangelischejugenderfurt.de\/wp-content\/uploads\/2025\/02\/2019-9-683x1024.jpg\" alt=\"\" class=\"wp-image-336\" srcset=\"https:\/\/evangelischejugenderfurt.de\/wp-content\/uploads\/2025\/02\/2019-9-683x1024.jpg 683w, https:\/\/evangelischejugenderfurt.de\/wp-content\/uploads\/2025\/02\/2019-9-200x300.jpg 200w, https:\/\/evangelischejugenderfurt.de\/wp-content\/uploads\/2025\/02\/2019-9-768x1152.jpg 768w, https:\/\/evangelischejugenderfurt.de\/wp-content\/uploads\/2025\/02\/2019-9-1024x1536.jpg 1024w, https:\/\/evangelischejugenderfurt.de\/wp-content\/uploads\/2025\/02\/2019-9-1365x2048.jpg 1365w, https:\/\/evangelischejugenderfurt.de\/wp-content\/uploads\/2025\/02\/2019-9.jpg 1500w\" sizes=\"auto, (max-width: 683px) 100vw, 683px\" \/><\/figure>\n\n\n\n<figure class=\"wp-block-image size-large\"><img loading=\"lazy\" decoding=\"async\" width=\"1024\" height=\"683\" data-id=\"334\" src=\"https:\/\/evangelischejugenderfurt.de\/wp-content\/uploads\/2025\/02\/2019-11-1024x683.jpg\" alt=\"\" class=\"wp-image-334\" srcset=\"https:\/\/evangelischejugenderfurt.de\/wp-content\/uploads\/2025\/02\/2019-11-1024x683.jpg 1024w, https:\/\/evangelischejugenderfurt.de\/wp-content\/uploads\/2025\/02\/2019-11-300x200.jpg 300w, https:\/\/evangelischejugenderfurt.de\/wp-content\/uploads\/2025\/02\/2019-11-768x512.jpg 768w, https:\/\/evangelischejugenderfurt.de\/wp-content\/uploads\/2025\/02\/2019-11.jpg 1500w\" sizes=\"auto, (max-width: 1024px) 100vw, 1024px\" \/><\/figure>\n\n\n\n<figure class=\"wp-block-image size-large\"><img loading=\"lazy\" decoding=\"async\" width=\"1000\" height=\"667\" data-id=\"330\" src=\"https:\/\/evangelischejugenderfurt.de\/wp-content\/uploads\/2025\/02\/2019-13.jpg\" alt=\"\" class=\"wp-image-330\" srcset=\"https:\/\/evangelischejugenderfurt.de\/wp-content\/uploads\/2025\/02\/2019-13.jpg 1000w, https:\/\/evangelischejugenderfurt.de\/wp-content\/uploads\/2025\/02\/2019-13-300x200.jpg 300w, https:\/\/evangelischejugenderfurt.de\/wp-content\/uploads\/2025\/02\/2019-13-768x512.jpg 768w\" sizes=\"auto, (max-width: 1000px) 100vw, 1000px\" \/><\/figure>\n\n\n\n<figure class=\"wp-block-image size-large\"><img loading=\"lazy\" decoding=\"async\" width=\"610\" height=\"1024\" data-id=\"326\" src=\"https:\/\/evangelischejugenderfurt.de\/wp-content\/uploads\/2025\/02\/2019-19-610x1024.jpg\" alt=\"\" class=\"wp-image-326\" srcset=\"https:\/\/evangelischejugenderfurt.de\/wp-content\/uploads\/2025\/02\/2019-19-610x1024.jpg 610w, https:\/\/evangelischejugenderfurt.de\/wp-content\/uploads\/2025\/02\/2019-19-179x300.jpg 179w, https:\/\/evangelischejugenderfurt.de\/wp-content\/uploads\/2025\/02\/2019-19-768x1289.jpg 768w, https:\/\/evangelischejugenderfurt.de\/wp-content\/uploads\/2025\/02\/2019-19-915x1536.jpg 915w, https:\/\/evangelischejugenderfurt.de\/wp-content\/uploads\/2025\/02\/2019-19.jpg 953w\" sizes=\"auto, (max-width: 610px) 100vw, 610px\" \/><\/figure>\n\n\n\n<figure class=\"wp-block-image size-large\"><img loading=\"lazy\" decoding=\"async\" width=\"768\" height=\"1024\" data-id=\"325\" src=\"https:\/\/evangelischejugenderfurt.de\/wp-content\/uploads\/2025\/02\/2019-18.jpg\" alt=\"\" class=\"wp-image-325\" srcset=\"https:\/\/evangelischejugenderfurt.de\/wp-content\/uploads\/2025\/02\/2019-18.jpg 768w, https:\/\/evangelischejugenderfurt.de\/wp-content\/uploads\/2025\/02\/2019-18-225x300.jpg 225w\" sizes=\"auto, (max-width: 768px) 100vw, 768px\" \/><\/figure>\n\n\n\n<figure class=\"wp-block-image size-large\"><img loading=\"lazy\" decoding=\"async\" width=\"1000\" height=\"667\" data-id=\"329\" src=\"https:\/\/evangelischejugenderfurt.de\/wp-content\/uploads\/2025\/02\/2019-16.jpg\" alt=\"\" class=\"wp-image-329\" srcset=\"https:\/\/evangelischejugenderfurt.de\/wp-content\/uploads\/2025\/02\/2019-16.jpg 1000w, https:\/\/evangelischejugenderfurt.de\/wp-content\/uploads\/2025\/02\/2019-16-300x200.jpg 300w, https:\/\/evangelischejugenderfurt.de\/wp-content\/uploads\/2025\/02\/2019-16-768x512.jpg 768w\" sizes=\"auto, (max-width: 1000px) 100vw, 1000px\" \/><\/figure>\n\n\n\n<figure class=\"wp-block-image size-large is-style-default\"><img loading=\"lazy\" decoding=\"async\" width=\"683\" height=\"1024\" data-id=\"335\" src=\"https:\/\/evangelischejugenderfurt.de\/wp-content\/uploads\/2025\/02\/2019-14-683x1024.jpg\" alt=\"\" class=\"wp-image-335\" srcset=\"https:\/\/evangelischejugenderfurt.de\/wp-content\/uploads\/2025\/02\/2019-14-683x1024.jpg 683w, https:\/\/evangelischejugenderfurt.de\/wp-content\/uploads\/2025\/02\/2019-14-200x300.jpg 200w, https:\/\/evangelischejugenderfurt.de\/wp-content\/uploads\/2025\/02\/2019-14-768x1152.jpg 768w, https:\/\/evangelischejugenderfurt.de\/wp-content\/uploads\/2025\/02\/2019-14.jpg 1000w\" sizes=\"auto, (max-width: 683px) 100vw, 683px\" \/><\/figure>\n<\/figure>\n\n\n\n<details class=\"wp-block-details is-layout-flow wp-block-details-is-layout-flow\"><summary>weitere Bilder:<br><a href=\"https:\/\/photos.app.goo.gl\/Ya7HfPgLNyeSCrS89\">https:\/\/photos.app.goo.gl\/Ya7HfPgLNyeSCrS89<\/a><\/summary>\n<p><\/p>\n<\/details>\n\n\n\n<p><\/p>\n\n\n\n<p><br><strong>Baumhauscamp-Netzwerk:<\/strong><br><em>deutschlandweit<\/em>&#8230;<br><a href=\"https:\/\/www.cvjm.de\/website\/de\/cv\/themen-bereiche\/baumhauscamp\">https:\/\/www.cvjm.de\/website\/de\/cv\/themen-bereiche\/baumhauscamp<\/a><\/p>\n\n\n\n<p><em>auf EKM-Gebiet&#8230;<\/em><br><a href=\"https:\/\/www.evangelischejugend.de\/jugendverband\/veranstaltungen\/ekm-baumhauscamp\/\">https:\/\/www.evangelischejugend.de\/jugendverband\/veranstaltungen\/ekm-baumhauscamp\/<\/a><\/p>\n\n\n\n<p>das \u00e4<em>lteste in Deutschland (Gr\u00fcndercamp)&#8230;<\/em><br><a href=\"https:\/\/cvjm-baumhauscamp.org\/baumhauscamp\/\">https:\/\/cvjm-baumhauscamp.org\/baumhauscamp\/<\/a><\/p>\n\n\n\n<div style=\"height:128px\" aria-hidden=\"true\" class=\"wp-block-spacer\"><\/div>\n\n\n\n<p>Wir danken f\u00fcr alle finanzielle Unterst\u00fctzung in 2026 durch:<br><em>&#8211; die Stadt Erfurt<br>&#8211; das Land Th\u00fcringen<br>&#8211; den Bund Evangelischer Jugend<br>&#8211; den Kirchenkreis Erfurt<\/em><\/p>\n\n\n\n<div class=\"wp-block-group\"><div class=\"wp-block-group__inner-container is-layout-constrained wp-block-group-is-layout-constrained\">\n<p>Danke auch an alle fr\u00fcheren Sponsoren des BAUMHAUSCAMP ERFURT:<\/p>\n\n\n\n<div class=\"wp-block-group\"><div class=\"wp-block-group__inner-container is-layout-constrained wp-block-group-is-layout-constrained\">\n<p><em>CVJM Erfurt e. V.<\/em> | <em>Miriam H., Diana N., Mareike L., Familie Dahlke<\/em> | <em>Alpidex &#8211; Marke f\u00fcr Klettern, Bergsport und Outdoor<\/em> | <em>Outdoor Trainings \u2013 Thomas Lang<\/em> | <em>Garten- und Friedhofsamt Erfurt<\/em> | <em>Forstbetriebsgemeinschaft G\u00fcnthersleben-Wechmar<\/em> | <em>Eckard Stephan Holztransporte<\/em> | <em>Frank Prokopp &#8211; Holztransporte<\/em> | <em>OBI Erfurt Nord und OBI EF S\u00fcd<\/em> | <em>Zimmer-\/Bautischlerei Stawenow<\/em> | <em>Fleischerei Reifenstein<\/em> | <em>SELDIS polysteen Hamburg<\/em> | <em>Nordwand Erfurt<\/em> | <em>Deutscher Alpenverein<\/em> | <em>Citydruck Erfurt<\/em> | <em>Kl\u00f6pferholz GmbH<\/em> | <em>Solartronics Leipzig<\/em><strong> | <\/strong><em>Bundesanstalt f\u00fcr Immobilienaufgaben<\/em> | <em>Dem Team von baumhauscamp.org<\/em> | <em>BOELS Verleih GmbH Erfurt<\/em> | <em>Seilerei Sammt<\/em> | <em>Mitteldeutsches Bibelwerk &#8211; Stiftung BibelLese<\/em> | <em>Ger\u00fcstbauzubeh\u00f6r M. Finn Gotha<\/em> | <em>GeoAlpin GmbH (Kranichfeld)<\/em> | <em>und weiteren\u2026 <\/em><\/p>\n\n\n\n<p><strong><em>Baumhauscamp- AHU!<\/em><\/strong><\/p>\n<\/div><\/div>\n<\/div><\/div>\n","protected":false},"excerpt":{"rendered":"<p>Zur Galerie BAUMHAUSCAMP &#8211; WAS IST DAS? =&gt; https:\/\/www.cvjm.de\/website\/de\/cv\/themen-bereiche\/baumhauscampBHC-Erfurt-Einblick =&gt; yt-Video (Trailer von 2020): https:\/\/www.youtube.com\/watch?v=zr9pCJvtr7k N\u00e4chste Veranstaltungen #BAUMHAUSCAMP: Baumhauscamp 2026 Kontakt und Anmeldung:Jonathan Lerche Jugendreferent, Sozial- und Erlebnisp\u00e4dagoge (beQ)jonathan.lerche@evangelischejugenderfurt.de 0176 55177562 &#8222;Richtwert&#8220; (bei Kosten) = wer finanziell mehr zur Verf\u00fcgung hat gibt mehr, wer weniger hat gibt weniger Anmeldebogen: https:\/\/evangelischejugenderfurt.de\/wp-content\/uploads\/2025\/12\/Verbindliche-Anmeldung-zum-Baumhauscamp-2026.pdf Baumhauscamp 2027 Als BHC-Team Erfurt [&hellip;]<\/p>\n","protected":false},"author":1,"featured_media":0,"parent":0,"menu_order":0,"comment_status":"closed","ping_status":"closed","template":"","meta":{"footnotes":""},"class_list":["post-316","page","type-page","status-publish","hentry"],"_links":{"self":[{"href":"https:\/\/evangelischejugenderfurt.de\/index.php?rest_route=\/wp\/v2\/pages\/316","targetHints":{"allow":["GET"]}}],"collection":[{"href":"https:\/\/evangelischejugenderfurt.de\/index.php?rest_route=\/wp\/v2\/pages"}],"about":[{"href":"https:\/\/evangelischejugenderfurt.de\/index.php?rest_route=\/wp\/v2\/types\/page"}],"author":[{"embeddable":true,"href":"https:\/\/evangelischejugenderfurt.de\/index.php?rest_route=\/wp\/v2\/users\/1"}],"replies":[{"embeddable":true,"href":"https:\/\/evangelischejugenderfurt.de\/index.php?rest_route=%2Fwp%2Fv2%2Fcomments&post=316"}],"version-history":[{"count":83,"href":"https:\/\/evangelischejugenderfurt.de\/index.php?rest_route=\/wp\/v2\/pages\/316\/revisions"}],"predecessor-version":[{"id":560,"href":"https:\/\/evangelischejugenderfurt.de\/index.php?rest_route=\/wp\/v2\/pages\/316\/revisions\/560"}],"wp:attachment":[{"href":"https:\/\/evangelischejugenderfurt.de\/index.php?rest_route=%2Fwp%2Fv2%2Fmedia&parent=316"}],"curies":[{"name":"wp","href":"https:\/\/api.w.org\/{rel}","templated":true}]}}